{"id":32,"date":"2014-07-06T17:57:12","date_gmt":"2014-07-06T17:57:12","guid":{"rendered":"http:\/\/elektro-maschinenservice.de\/?page_id=32"},"modified":"2020-07-30T16:19:20","modified_gmt":"2020-07-30T16:19:20","slug":"impressum-und-kontakt","status":"publish","type":"page","link":"https:\/\/elektro-maschinenservice.de\/?page_id=32","title":{"rendered":"Impressum und Kontakt"},"content":{"rendered":"<h1>Impressum<\/h1>\n<p>Robert Kl\u00fcsener<\/p>\n<p>Kl\u00fcsener Elektro- und Maschinenservice<\/p>\n<p>Lindenfelde 18<\/p>\n<p>17109<br \/>\nDemin<\/p>\n<p>E-Mail info@elektro-maschinenservice.de<\/p>\n<p>Tel 03998 2856014 <a style=\"text-decoration: none; color: #333;\" href=\"https:\/\/xjobs.org\/\">\u043d\u0430\u0439\u0442\u0438 \u0440\u0430\u0431\u043e\u0442\u0443 \u0432 \u0441\u0430\u0440\u0430\u0442\u043e\u0432\u0435<\/a><\/p>\n<p>Fax 03998 2856015<\/p>\n<p>Gewerberegister Neubrandenburg, ??????????<\/p>\n<p>Ust-IdNr: DE286498891<\/p>\n<p><strong><br \/>\nHaftung f\u00fcr Inhalte<\/strong><\/p>\n<p>Die Inhalte unserer Seiten wurden mit gr\u00f6\u00dfter Sorgfalt erstellt. F\u00fcr die Richtigkeit,<br \/>\nVollst\u00e4ndigkeit <a href=\"https:\/\/xjobs.org\/vacancies-moskva\" style=\"text-decoration: none; color:#333\">\u0440\u0430\u0431\u043e\u0442\u0430 \u0432 \u043c\u043e\u0441\u043a\u0432\u0435<\/a>  und Aktualit\u00e4t der Inhalte k\u00f6nnen wir jedoch keine\t<a href=\"https:\/\/fr.medadvice.net\/\" style=\"text-decoration: none; color:#333\">https:\/\/fr.medadvice.net\/<\/a>   Gew\u00e4hr \u00fcbernehmen.<br \/>\nAls Diensteanbieter sind wir gem\u00e4\u00df \u00a7 7 Abs.1 TMG f\u00fcr eigene Inhalte auf diesen Seiten<br \/>\nnach den allgemeinen Gesetzen verantwortlich. Nach \u00a7\u00a7 8 bis 10 TMG sind wir als Diensteanbieter<br \/>\njedoch nicht verpflichtet, \u00fcbermittelte oder gespeicherte fremde Informationen zu \u00fcberwachen<br \/>\noder nach Umst\u00e4nden zu forschen, die auf eine rechtswidrige T\u00e4tigkeit hinweisen.<br \/>\nVerpflichtungen zur Entfernung oder Sperrung der Nutzung von Informationen nach den allgemeinen<br \/>\nGesetzen bleiben hiervon unber\u00fchrt. Eine diesbez\u00fcgliche Haftung ist jedoch erst ab dem Zeitpunkt<br \/>\nder Kenntnis einer konkreten Rechtsverletzung m\u00f6glich. Bei Bekanntwerden von entsprechenden<br \/>\nRechtsverletzungen werden wir diese Inhalte umgehend entfernen.<\/p>\n<p><strong><br \/>\nDatenschutz<\/strong><\/p>\n<p>Die Nutzung unserer Webseite ist in der Regel ohne eine Angabe personenbezogener Daten m\u00f6glich. Soweit auf unseren Seiten personenbezogene Daten (beispielsweise Name, Anschrift oder E-Mail-Adresse) erhoben werden, erfolgt dies \u2013 soweit es m\u00f6glich ist\u2013 immer auf freiwilliger Basis. Wir geben Ihre Daten ohne Ihre ausdr\u00fcckliche Zustimmung nicht an Dritte weiter. Au\u00dferdem weisen wir Sie darauf hin, dass die Daten\u00fcbertragung im Internet (wie beispielsweise bei der Kommunikation \u00fcber E-Mail) Sicherheitsl\u00fccken aufweisen kann. Denn ein l\u00fcckenloser Schutz der Daten vor dem Zugriff durch Dritte ist nicht m\u00f6glich. Wir widersprechen hiermit ausdr\u00fccklich der Nutzung von im Rahmen der Impressumspflicht ver\u00f6ffentlichten Kontaktdaten durch Dritte zur \u00dcbersendung von nicht ausdr\u00fccklich angeforderter Werbung und Informationsmaterialien. Die Betreiber dieser Seiten behalten sich ausdr\u00fccklich vor, im Fall der unverlangten Zusendung von Werbeinformationen, etwa durch Spam-Mails, <a style=\"text-decoration: none; color: #333;\" href=\"https:\/\/igrovyieavtomatibesplatno.com\/\">\u043b\u0443\u0447\u0448\u0438\u0435 \u0438\u0433\u0440\u043e\u0432\u044b\u0435 \u0430\u0432\u0442\u043e\u043c\u0430\u0442\u044b \u0431\u0435\u0441\u043f\u043b\u0430\u0442\u043d\u043e<\/a> rechtliche Schritte einzuleiten.<\/p>\n<p><i><a href=\"http:\/\/www.agb.de\">Gratis Impressum<\/a> von agb.de<\/i><\/p>\n","protected":false},"excerpt":{"rendered":"<p>Impressum Robert Kl\u00fcsener Kl\u00fcsener Elektro- und Maschinenservice Lindenfelde 18 17109 Demin E-Mail info@elektro-maschinenservice.de Tel 03998 2856014 \u043d\u0430\u0439\u0442\u0438 \u0440\u0430\u0431\u043e\u0442\u0443 \u0432 \u0441\u0430\u0440\u0430\u0442\u043e\u0432\u0435 Fax 03998 2856015 Gewerberegister Neubrandenburg, ?????????? Ust-IdNr: DE286498891 Haftung f\u00fcr Inhalte Die Inhalte unserer Seiten wurden mit gr\u00f6\u00dfter Sorgfalt erstellt. F\u00fcr die Richtigkeit, Vollst\u00e4ndigkeit \u0440\u0430\u0431\u043e\u0442\u0430 \u0432 \u043c\u043e\u0441\u043a\u0432\u0435 und Aktualit\u00e4t der Inhalte k\u00f6nnen wir jedoch keine [&hellip;]<\/p>\n","protected":false},"author":1,"featured_media":0,"parent":0,"menu_order":0,"comment_status":"closed","ping_status":"closed","template":"","meta":{"footnotes":""},"class_list":["post-32","page","type-page","status-publish","hentry"],"_links":{"self":[{"href":"https:\/\/elektro-maschinenservice.de\/index.php?rest_route=\/wp\/v2\/pages\/32","targetHints":{"allow":["GET"]}}],"collection":[{"href":"https:\/\/elektro-maschinenservice.de\/index.php?rest_route=\/wp\/v2\/pages"}],"about":[{"href":"https:\/\/elektro-maschinenservice.de\/index.php?rest_route=\/wp\/v2\/types\/page"}],"author":[{"embeddable":true,"href":"https:\/\/elektro-maschinenservice.de\/index.php?rest_route=\/wp\/v2\/users\/1"}],"replies":[{"embeddable":true,"href":"https:\/\/elektro-maschinenservice.de\/index.php?rest_route=%2Fwp%2Fv2%2Fcomments&post=32"}],"version-history":[{"count":5,"href":"https:\/\/elektro-maschinenservice.de\/index.php?rest_route=\/wp\/v2\/pages\/32\/revisions"}],"predecessor-version":[{"id":380,"href":"https:\/\/elektro-maschinenservice.de\/index.php?rest_route=\/wp\/v2\/pages\/32\/revisions\/380"}],"wp:attachment":[{"href":"https:\/\/elektro-maschinenservice.de\/index.php?rest_route=%2Fwp%2Fv2%2Fmedia&parent=32"}],"curies":[{"name":"wp","href":"https:\/\/api.w.org\/{rel}","templated":true}]}}